20 - 5*w**4/24 - w**3/2 - 365*w**2 + 2. Suppose -5*g - 17 = -2*m, 0 = m + 5*g + 12 + 17. Determine o(m).
1
Let m(s) = -8*s**3 - 4*s + 6. Let l = -26736 + 26738. Give m(l).
-66
Suppose 5*g + 5*y - 4 = y, y = -4*g + 1. Let u(n) be the third derivative of -n**6/120 - n**5/60 - n**4/24 - 25*n**3/6 + 14766*n**2. Determine u(g).
-25
Let g(c) = 9*c**3 - 2*c + 3. Suppose 57 = 3*q + 22*w - 13*w, -2*q + 20 = 3*w. Give g(q).
10
Let n(h) = 21*h - 108. Let g be n(7). Let b be ((-208)/g)/((-2)/3). Let y(f) = f**3 - 10*f**2 + 15*f + 6. Calculate y(b).
-2
Suppose 0 = 22*d - 18*d - 24. Let s(o) = -o**2 - 14*o. Let k(q) = 4*q**2 + 84*q - 1. Let t(f) = k(f) + 5*s(f). What is t(d)?
47
Let b = 7031 - 7023. Let n(h) = -17*h + 155. Give n(b).
19
Let x = -37 - -44. Let m(h) = 10*h**3 - 21*h**2 - 20*h + 1. Let g(w) = -3*w**3 + 7*w**2 + 6*w. Let l(y) = -7*g(y) - 2*m(y). What is l(x)?
-16
Let d(p) = -8*p - 1. Let f(q) be the first derivative of -q**4/4 + 2*q**3 - 7*q**2/2 + 17*q + 6. Let c be f(5). Suppose 3 = 10*h - c. Determine d(h).
-9
Let u(g) = g**2 + 3*g + 5. Suppose -48*r = -39*r - 198. Let z = r + -24. Give u(z).
3
Suppose 3*z = -3*x - 33, -17*z + x + 17 = -19*z. Let t(b) = -b**2 - 14*b - 45. Give t(z).
3
Suppose -3*x + 353 = 371. Let q be 13/(39/x) + -5. Let b(i) = 6*i - 1. Calculate b(q).
-43
Let c(l) be the first derivative of l**3/3 - l + 21287. Let q = 0 - 0. Calculate c(q).
-1
Let f(i) = 2*i**3 - i - 2. Let r be (-10)/((-20)/7 - -3). Let j = 68 + r. Give f(j).
-16
Let z be 95/(-76) - (-558)/24. Let y(i) = i**2 - 24*i + 40. What is y(z)?
-4
Suppose 0 = 4*s, 0*l + 4*l - 5*s = 16. Let f(x) = -24379*x + 73118*x - 24374*x - 24369*x + x**2 + x**2. Give f(l).
16
Suppose r - 3*s = 610, 2*s - 4*s = -2*r + 1232. Let h = r - 613. Let t(u) = -2*u - 7. Give t(h).
-19
Let j(f) = -34*f**2 - 14*f - 12. Let d(n) = -29*n**2 - 12*n - 10. Let v(i) = 7*d(i) - 6*j(i). Suppose 0*h = -0*h + 3*h. Calculate v(h).
2
Let m(v) = -v + 8. Let g(w) = 431*w**3 + w**2 - w + 2. Let d be g(1). Let y = d + -441. Calculate m(y).
16
Let x(v) be the first derivative of v**3/3 + 3*v**2 + 13*v - 1322. Give x(-5).
8
Let p = -5538 + 5535. Let u(h) = -h**3 - 5*h**2 - 13*h - 26. What is u(p)?
-5
Suppose -3*t + 4*l - 38 = -5*t, -45 = -3*t - 2*l. Let q = t - 6. Let i(s) be the second derivative of -s**4/12 + 3*s**3/2 - 3*s**2 + 127*s. Give i(q).
8
Let a = -1288 + 1282. Let y(r) = -3*r + 3. Let u(w) = w - 2. Let o(n) = -5*u(n) - 2*y(n). Determine o(a).
-2
Let c(g) = g**3 - 7*g**2 - 9*g + 8. Suppose 3*h = -2243 + 332. Let v = 645 + h. Give c(v).
0
Let z(i) = 66*i**3 - 2*i**2 - 48*i**3 + 6*i**2 - 7 - 3*i**2. Calculate z(2).
141
Let u(a) = -a**3 + 7*a**2 + 11*a - 7. Let l(r) = -r**2 - 57*r + 2501. Let o be l(-86). Determine u(o).
70
Let p(q) = -3*q**2 - 38*q - 10. Let b be p(-12). Let l(i) = i**2 - 8*i - 84. Determine l(b).
0
Suppose 75*c - 77*c = 3*y, 0 = -5*y + 3*c - 38. Let j(s) be the first derivative of s**4/4 + 4*s**3/3 + 3*s**2 + 5*s - 1. Give j(y).
-19
Let g(u) = -123*u**2 + 9 + 5*u + 127*u**2 - 2. Let r(b) = b**2 - b + 1. Let a(i) = -g(i) + 5*r(i). Let k = -62 + 69. What is a(k)?
-23
Suppose 4*b = -0*b + 2*f + 6, -3*b + 27 = 3*f. Suppose 2*o - 3*c = 13, -2*o = -b*c - 0*c - 16. Let p(i) = -i**3 + i. Give p(o).
-6
Let h(d) = -54 - 115246*d + 230496*d - 115248*d. Give h(-4).
-62
Let d(y) = 0 + 848000*y**3 - 847999*y**3 - 9*y**2 - 2 + 9*y. What is d(7)?
-37
Suppose -18 = -5*c - 2*x, -4*c + 25 - 1 = 4*x. Let b(k) = -2*k**2 - 19 + 7 + 10 - c*k + 3*k. Give b(3).
-17
Let n(d) be the third derivative of -3*d**4/8 - d**3/3 + 2*d**2. Let h(w) = 3*w**2 + 10*w - 9. Let v be h(-4). Let r be n(v). Let f(t) = t - 17. Give f(r).
-10
Let l(o) = -3*o + 2. Let u = -177 - -177. Suppose 5*d - 9 - 1 = u. Determine l(d).
-4
Let j = -21 + 14. Let y(i) = -17*i. Let q(f) = -37*f + 10. Let g(k) = -q(k) + 2*y(k). Calculate g(j).
-31
Let k(a) = -a**3 - 18*a**2 + 16*a + 10. Let b be k(-19). Let g = 70 - b. Let o(p) = 2 - 2*p - 6 + 4*p. Give o(g).
2
Let l(u) = -u**3 + 7*u**2 - 4*u - 8. Let x be l(6). Let d(h) = h + h + 3 + h - x*h. Suppose -301 = -16*j - 27*j. Determine d(j).
-4
Let v(t) be the first derivative of -t**4/4 - 3*t**3 + 2*t**2 - 9*t - 1196. Give v(-10).
51
Let s be ((-36)/16)/(0 + (-1)/8). Suppose -s = 11*f + 70. Let n(p) = p**2 + 9*p - 7. Give n(f).
-15
Let p(b) = b**3 - 4*b**2 - b + 2. Let w be p(4). Let y = 235 + -213. Let f(h) = 4 + 12 - 2*h - y + 8. Determine f(w).
6
Let s(o) = -o. Let l be (0 - (-6)/(-8))*(-3400)/2550. Let z(g) = g**3 - 4*g - 8 + 5*g**2 - g**3 + g**3. Let v(f) = l*z(f) + 3*s(f). What is v(-6)?
-2
Suppose -4*m - 3*q = -3*m - 219, 5*q = -4*m + 897. Suppose m - 208 = 5*x. Let t(s) = -5*s**2 - 5 + 2*s - s**3 + 1 + 2*s**3. What is t(x)?
-12
Let h(a) = 21*a - 22. Let k be 0/(-20 - -23) + 14/2. Give h(k).
125
Suppose 4*u + 15 = 6*u + y, -4*u + 45 = -3*y. Let a(v) = 4*v - 15 - u + 13 - 13. What is a(6)?
0
Let v = 250 - 240. Suppose -8 = -v*i + 12. Let p(n) = -4*n**2 - 2*n + 3. Calculate p(i).
-17
Let x = -120 - -120. Suppose x*m + 4*r + 13 = 3*m, -3*m + 2*r + 5 = 0. Let a(i) = 11*i - 2. What is a(m)?
-13
Let v(q) = -3*q**3 - q**2 + 8*q + 3. Suppose -3*z + 0*z = -246. Let x(y) = -7*y - 174 + z + 89 + 2*y**3. Let l(p) = -3*v(p) - 4*x(p). Calculate l(-2).
-1
Let x(m) = 13*m**2 - 12*m**2 + 4*m + 257 - 253. Let v(q) = q. Let c be v(-8). Let a = c - -4. Determine x(a).
4
Let y(k) be the third derivative of 11*k**4/24 + k**3/2 + 12*k**2. Let b be (2/(-18))/(-1) + (-2210)/1989. Determine y(b).
-8
Let i(q) = -3*q - 7. Let d(b) = -b - 4. Let m(g) = -5*d(g) + 2*i(g). Suppose -r = 5*t - 31, 0 = -12587*t + 12582*t - 4*r + 34. Calculate m(t).
0
Let g(w) = 2*w**2 - 4*w + 2. Let a(j) = 2*j**2 - j - 2. Let l be a(0). Let x = 18 - l. Let f(r) = r - 17. Let v be f(x). Calculate g(v).
8
Let j(m) = 2*m**3 + m**2 + 4*m - 7. Let n be j(4). Let v = n - 142. Let i(k) = k**3 - 12*k**2 + 11*k + 6. Determine i(v).
6
Let l(d) = d**2 - 3*d + 4. Let a = -73 - -77. Let h(g) = -g**2 + g + 11. Let n be h(a). Let u(q) = -4*q + 1. Let m be u(n). Determine l(m).
14
Let w be 2/3 - 0/37. Let b(o) be the second derivative of 0 + 3/2*o**2 - 1/12*o**4 - w*o**3 - 8*o. Give b(-6).
-9
Let f(z) be the third derivative of z**6/360 - 11*z**5/120 - 7*z**4/24 - 47*z**3/2 - z**2 - z. Let o(x) be the first derivative of f(x). Determine o(7).
-35
Let s(t) = -t**2 + 5*t + 160. Let m be s(23). Let c = m + 257. Let y(z) = -z**2 + 7*z - 7. Give y(c).
5
Let o(h) be the first derivative of -h**4/2 + h**3/3 - h - 648. Suppose 2 = 5*n + 5*p - 3, 4*n + 3*p - 2 = 0. What is o(n)?
2
Let h(b) = 3*b**2 + 3*b**3 - 2*b**2 + b + 4 - 5*b**3 + 2*b**2 + b**3. Suppose -9*r + 10 = -8*r. Let p(s) = -2*s + 24. Let m be p(r). Calculate h(m).
-8
Let c(d) be the first derivative of -2*d - 5/2*d**2 + 1/4*d**4 - 46 - 2*d**3. Give c(7).
12
Let c(d) be the second derivative of -d**7/840 - d**6/72 - d**5/30 + 5*d**4/24 + d**3/2 - 5*d + 3. Let i(j) be the second derivative of c(j). Give i(-4).
5
Suppose -223*r + 180*r - 645 = 0. Let u(f) = 2*f**3 + 31*f**2 + 15*f - 6. Calculate u(r).
-6
Let c = 221 - 211. Let i(r) = 2*r + 7*r - 211 + 211 - r**2. What is i(c)?
-10
Let i = 41 + -36. Suppose i = y, 3*f + 3*y - 30 = -2*f. Let w(z) be the first derivative of -z**3 + z**2/2 - 3*z - 54. Calculate w(f).
-27
Let g(j) = j**2 - 165*j**3 - j + 333*j**3 - 2*j - 164*j**3 - 5. Determine g(-1).
-5
Let g(f) = -2*f**2 - 7*f + 21. Suppose r - 2*o = -r - 10, -5*r + 4*o - 26 = 0. What is g(r)?
-9
Let j(y) = -y**3 - 6*y**2 + 7*y + 1. Let k be (3/2)/(3/(-320)). Let q be ((-12)/(-39))/2 + k/26. Let u be (q/39 - (-18)/(-52))*14. Give j(u).
1
Suppose 4*u = -2*t + 26, -3*u + 13*t - 18*t + 23 = 0. Let d(h) = -22*h + 135. Give d(u).
3
Let s(j) = -10*j**2 - 3 - j - 5 - 21*j**2 + 32*j**2. Determine s(6).
22
Let p(l) = -4*l + 26. Let w(j) = 54*j - 633. Let h be w(12). What is p(h)?
-34
Suppose -4*p + 6*p - 4 = 0. Let o be (10/(-3) + p)*-12. Let u(s) = s**3 - 15*s**2 - 18*s + 35. Let c be u(o). Let k(y) = y**2 - 5*y + 3. Calculate k(c).
-3
Let r(p) = -2*p**2 - 4*p + 1. Let j = -363 + 378. Suppose -8*s - j = -13*s. Calculate r(s).
-29
Let t(q) = q**3 - 79*q**2 - 78*q - 172. Let s be t(80). Let b(z) = -z**3 - 13*z**2 - 14*z + 18. Give b(s).
42
Let n(w) = w**2 + 3*w - 423. Let d be n(-22). Let g(t) = -8*t**2 - 8 - t